) = b**2 + 2*b - 1. Let h be 4/(-10) - 72/(-30). Suppose -h = -3*a - 8. What is k(a)?
-1
Let n(q) = -q - 2. Let j(y) = -5*y - 9. Let z(x) = 2*j(x) - 9*n(x). Determine z(7).
-7
Let h be (-3)/(-4)*(10 - 2). Let q(a) = -3*a + 7. What is q(h)?
-11
Suppose -p = r + 9, -3*p + 2 = 8. Let c(t) = -2*t + 14. Let n be c(6). Let l = n + r. Let a(o) = o**3 + 6*o**2 + 2*o - 7. Give a(l).
8
Let f(x) = -7*x**2 - 8. Let b(n) = -13*n**2 - n - 15. Let d(u) = 6*b(u) - 11*f(u). Give d(-6).
-2
Let c(m) be the first derivative of -m**4/4 - 7*m**3/3 - 3*m**2 - 7*m + 5. Determine c(-6).
-7
Let j(o) be the second derivative of 1/3*o**3 - 1/12*o**4 + 0 - 1/2*o**2 + 2*o. Let t(x) = -x**2 + 7*x - 7. Let d be t(5). Give j(d).
-4
Let t(m) = m**2 - 3*m - 7. Let f = -3 + 8. Let v be t(f). Let j(n) = -2*n - 9. Let y(w) = w + 1. Let h(l) = -j(l) - 3*y(l). Give h(v).
3
Let p = 1 - -2. Let n(k) = 0 - 4 + 3 + p + 2*k. Calculate n(-3).
-4
Let x = 82 - 125. Let s = -38 - x. Let r(y) be the first derivative of -y**3/3 + 4*y**2 - 6*y - 1. Determine r(s).
9
Let u(a) = -2*a - 5. Let t = -2 - -12. Suppose t = r - 3*r. What is u(r)?
5
Let g(b) = b**3 - 4*b**2 + b + 4. Let o be (1 - 3 - 0)/1. Let t = 0 - o. Suppose -t*u = -u - 4. Determine g(u).
8
Let j(b) = 2*b - b - 3096 + 3096. What is j(6)?
6
Suppose -9 = -3*j - 5*n, -4*j + 15 = j + 5*n. Suppose j*w + 1 = -2*i, -5*i - 3*w + 2 + 9 = 0. Let o(x) = -2*x + 2*x + i - x - 5. Calculate o(-1).
0
Suppose -4*q - 2*a = a + 10, 3*a = 2*q + 14. Let n(l) = l**2 + 3*l - 1. Let k be n(q). Let o(b) = -3*b - b**2 + b**2 + k + b**2. Determine o(3).
3
Let z(o) = 4 - 2*o + 2 - o. Suppose 3*u - 11 + 5 = 0. Suppose -u*c + 15 = c. What is z(c)?
-9
Let n(r) = -5*r**2 - 6. Let z(q) = 6*q**2 - q + 6. Let j(k) = -5*n(k) - 4*z(k). What is j(-6)?
18
Suppose -3*q + 46 = -26. Let d be (q/36)/(2/15). Let y(c) = 2*c**2 + 4*c**2 + 6*c - 7*c**2. Determine y(d).
5
Let k = 50 + -46. Let b(g) = 0*g**2 - 1 + 2*g**3 - 3*g**2 - g**3 - 5*g. Give b(k).
-5
Let f(p) = p**2 - 3*p + 2. Suppose -4*d - 15 = -3*j, 48 = 4*j - 0*j + 4*d. Let o = 33 - 55. Let b be o/(-6) + (-6)/j. Give f(b).
2
Let b be -2 + (-15)/(3/(-1)). Let t(y) = -y - 5. Let h be t(-7). Let a(z) = -5*z - 2 + h*z - 2*z**2 + 3*z**2. Give a(b).
-2
Let f(n) be the first derivative of n**4/4 + 8*n**3/3 + 3*n**2 - 2*n - 1. Let v be f(-7). Let z(x) = -x**2 + 6*x - 6. What is z(v)?
-1
Let g(r) = -2*r**2 - 13*r + 2. Let p be g(-7). Let x(w) = 2*w - 4. Determine x(p).
-14
Let k(n) = n - 6. Let i be k(4). Let z be (-4)/(6 + i) + 2. Let a(r) = 7*r. Determine a(z).
7
Let d(y) = 5*y - 4. Let r(w) = 70*w - 55. Let v(p) = -55*d(p) + 4*r(p). Calculate v(1).
5
Let f(c) = -c**2 + 9*c - 2. Let y(o) = -o**2 + 11*o + 8. Let x be y(11). Calculate f(x).
6
Let o(u) = -2*u - 5. Let v be o(-3). Let z(g) = 9*g**3 - 2*g**2 + 2*g - 1. Calculate z(v).
8
Suppose -30 = -4*c - 10. Let l(r) = 7 - 4 - 6*r + r**2 + 7*r + c. Give l(0).
8
Let q(y) be the first derivative of 3 + 3/2*y**2 + 5/6*y**3 + 1/12*y**4 - 2*y. Let h(u) be the first derivative of q(u). Calculate h(-4).
-1
Let c(o) be the first derivative of o**3/3 + 5*o**2/2 + 4*o - 1. Let i be c(-3). Let g(s) = 2. Let t(a) = -a**2 - a + 3. Let p(q) = 5*g(q) - 3*t(q). Give p(i).
7
Let u(t) = 2*t - 6. Let j = -5 + 9. Suppose j - 9 = -p. Give u(p).
4
Let q(w) = 2*w + 1. Suppose 5 = 4*u - 5*o - 4, -5*o = -3*u + 13. Determine q(u).
-7
Let u(x) = 2*x + x + 1 - 4*x + 0*x. Let k be u(5). Let f(s) = s**2 + 5*s + 6. What is f(k)?
2
Let x(o) = -o - 8. Let f(y) = -y - 9. Let i(v) = -2*f(v) + 3*x(v). Determine i(-6).
0
Let d(z) = 8*z + 1. Let x be d(2). Let n(b) = b**2 + b + 12. Let c be n(0). Let y = c - x. Let l(t) = -t**2 - 4*t + 2. Give l(y).
-3
Let q(k) be the third derivative of 5*k**4/24 - k**3/3 - k**2. Let g(z) = 47*z**3 - z**2 - z - 1. Let a be g(-1). Let j be a/(-20) + (-6)/15. Calculate q(j).
8
Let z(s) = -s. Let m = 16 - 8. Let h(x) = -4*x - x + 4*x - m*x. Let l(r) = h(r) - 6*z(r). Calculate l(-2).
6
Let a(s) be the second derivative of -s**4/12 + 2*s**3/3 + 7*s**2/2 - 2*s. Suppose -g + 2*k + 7 = 0, -4*g = -0*g + 3*k - 17. Give a(g).
2
Let j be 3/(-2)*(-84)/9. Suppose 0 = -5*l - 5, -4*c - 2*l - j = -0*l. Let z(t) be the first derivative of t**4/4 + 4*t**3/3 + 2*t**2 + 4*t + 2. Determine z(c).
1
Let v(l) = -7*l - 4. Let a(i) = 6*i + 3. Let k(r) = r**2 - r + 6. Let c be k(0). Let n be (-185)/(-35) - 6/21. Let f(y) = c*a(y) + n*v(y). What is f(4)?
2
Let x(h) = -3*h - 8. Let r = -2 - 6. Determine x(r).
16
Let q(y) = 2*y**2 + 0*y**2 + y**3 - 1 + 2. Let r = 5 - 8. Calculate q(r).
-8
Let m(i) = 7*i**3 - 11*i**2 + 6*i + 13. Let y(z) = 13*z**3 - 21*z**2 + 11*z + 25. Let l(t) = 11*m(t) - 6*y(t). Calculate l(5).
-7
Suppose 6*j - j = 25. Let h(c) = j - 1 - c - 2. Give h(2).
0
Let q(y) be the third derivative of -y**4/24 - 8*y**2. Determine q(-4).
4
Let o(r) = 7*r**3 + 4*r**2 - 5*r - 9. Let v(z) = -10*z**3 - 6*z**2 + 8*z + 13. Let w(p) = 7*o(p) + 5*v(p). Suppose 24 = -5*s - 16. Let b = 5 + s. What is w(b)?
-4
Let y = 3 + -5. Let a(c) = -4*c + 15. Let u(q) = 3*q - 14. Let l(x) = y*a(x) - 3*u(x). Calculate l(5).
7
Suppose 0 = 2*f - 4*d + 3*d + 1, 4 = -3*f + 2*d. Let h(m) = 2*m + 7 - m**f - 5 + 3*m. Determine h(6).
-4
Let k = 4 - 3. Let d(m) = -4*m + m**2 - m + k + 2. Let w be -1 + 0 + (-2 - -8). What is d(w)?
3
Let k = 2 + 0. Suppose 3*l - 6 = -3*o, k*o + 0 = 3*l + 24. Let c(t) = t**2 - 5*t. Give c(o).
6
Let y(d) be the third derivative of 1/4*d**4 + 2*d**2 + 0*d - 1/120*d**6 - 1/12*d**5 + 0 + 2/3*d**3. Determine y(-6).
4
Let b(g) = -g**2 - 3*g + 6. Suppose -5*m + 4 = 14. Let o = m + -3. What is b(o)?
-4
Let j(n) = n + 7. Suppose -b = 2*b. Suppose 3*t - 6*t - 18 = b. Give j(t).
1
Suppose -2*g + 2 - 8 = 0. Let y(n) = -9*n**2 - 11*n - 13. Let h = -8 - -1. Let k(u) = 4*u**2 + 5*u + 6. Let b(w) = h*k(w) - 3*y(w). What is b(g)?
-6
Let a(h) = -9*h + 14. Let l(g) = 3*g - 5. Let j(b) = 6*a(b) + 17*l(b). What is j(1)?
-4
Let m be (-70)/(-8) + 1/4. Suppose 2*i + i - m = 0. Let j(d) = -d + 4. Let o be j(i). Let z(p) = -p**2 - p. Determine z(o).
-2
Suppose 15 = -3*a - 3. Let s(x) = x**2 + 5*x + 3. Determine s(a).
9
Suppose 5*s = -4*u - 3, -3*u + 3 = -0*s + 2*s. Let p = 10 + s. Let c(k) = -k**3 + 3*k**3 + p - k**3 - 2*k**3. Calculate c(0).
7
Suppose 2*i - 41 + 1 = 0. Suppose 0 = 4*u - 0*u + i. Let g(a) = a**2 + 5*a - 4. Calculate g(u).
-4
Let a be (-6)/(-5)*(56/12 - 3). Let q(o) = 2*o - 2. Determine q(a).
2
Let m(g) = 4*g + 2. Let j = 0 - -8. Suppose 3*v + j = 2. Give m(v).
-6
Let m = 7 - 3. Suppose 3*y + m = -2. Let f(v) = -v + 1. Calculate f(y).
3
Let r(d) = 8*d - 2. Let i be -4*2/8*-2. What is r(i)?
14
Let z(m) = -3 + 6*m - 3 + m**2 + 13 - 1. Give z(-6).
6
Let n(c) = 37 - 10*c - 25 - c**2 - 23. Calculate n(-9).
-2
Let w = 227 + -221. Let y(z) be the third derivative of z**4/24 - z**3/3 - z**2. What is y(w)?
4
Let c be (10/3)/((-20)/30). Let m(w) = w**2 + 7*w + 5. Give m(c).
-5
Suppose 0 = -v + 2*v - 4. Let m(h) = -v + 5*h + 2*h + 2*h - 2*h - h**2. Give m(6).
2
Let r(u) = -4*u**2 + 7*u + 8. Let q(p) = -7*p**2 + 13*p + 16. Let z(l) = -3*q(l) + 5*r(l). Give z(6).
4
Let x(j) = -j**2 - 226 - 9*j + 239 + 0*j. Determine x(-10).
3
Let t(m) be the third derivative of 5*m**4/24 - 6*m**2. What is t(1)?
5
Let f(n) = -4*n - 1. Let k(d) = 3*d + 1. Let b be k(1). Suppose 0 = 3*s - 3 + 12. Let j = b + s. Determine f(j).
-5
Let n(z) be the third derivative of -z**3/6 + 5*z**2. Let w(j) = 3*j - 9. Let v(g) = -6*n(g) + w(g). Calculate v(3).
6
Suppose -3*z = 4*u - 18, z + z - 4 = 0. Suppose -2*l = -u*l. Let x(c) = 3*c - 2. Let b(d) = -2*d + 1. Let h(v) = -5*b(v) - 3*x(v). Determine h(l).
1
Let h(v) = 13*v - 17. Let l(u) = 3*u - 4. Let n(g) = -2*h(g) + 9*l(g). Suppose 2*j + 5*q - 34 + 9 = 0, -3*q = 5*j - 34. Determine n(j).
3
Let h(i) = -i + 3 - 3*i - 4*i - i**2. Suppose 4*x = b - 24, 5*x + 32 - 2 = -2*b. Give h(x).
15
Let k(h) = -6*h**2 + 2*h - 1. Suppose -14*n = -7 - 7. Determine k(n).
-5
Let y(v) = 2*v + 1. Let g be -8 - ((-4)/(-2) + -2). Let a = g + 12. Suppose 0 = -a*o - 4. Determine y(o).
-1
Let x(i) = -5*i**3 + i - 1. Suppose -10*y - 7 = 2*k - 13*y, 0 = k + 5*y - 16. Calculate x(k).
-5
Let o be 4*(-1)/((-4)/(-13)). Let t = 10 + o. Let w(q) = q - 3. Calculate w(t).
-6
Suppose 2*i = 3*n - 0*n + 5, -4*n = 4. Let y be (-30)/3*(-8)/10. Le